 -17*h(y) + 6*k(y). Let j(l) = 3*l**2 + 3*l + 5. Let b(q) = -3*j(q) - 4*o(q). Give b(-4).
-11
Suppose 94*v - 46*v + 281 = 41. Let x(b) = b**3 + 6*b**2 + 5*b - 24. Give x(v).
-24
Let b be 2*(-2 + 6) + (-25 - -5). Let n(o) = -o**2 - 13*o - 28. Calculate n(b).
-16
Let k be (-8)/(-20) + 42/(-5). Let h = -11 - k. Let b(n) = -2*n**2 - 4*n + 12. Let f(j) = j**2 + 2*j - 8. Let o(g) = 3*b(g) + 5*f(g). Calculate o(h).
-7
Let a(x) = 5*x**3 + 20*x**2 + 22*x + 1. Let c = -34048 + 34047. Determine a(c).
-6
Let o(w) = 16*w - 30. Let b be o(2). Let l(s) = 4*s**b - 1178*s + 588*s + 589*s. Give l(1).
3
Suppose 0 = 2*s + 37 - 41. Let d(a) = -1 + s - a**2 + 10 - 10*a + 0*a. Let k(v) = v**3 + 3*v**2 + 5*v + 4. Let z be k(-3). Calculate d(z).
0
Let m(r) = -6*r + 12. Let l be m(2). Let y(i) = l*i + 106*i**2 + 2*i - i - 103*i**2. Calculate y(-2).
10
Let z(u) = u**3 - 14*u**2 + 12*u + 15. Suppose 207*l - 219*l = 60. Let p(g) = g**3 + 8*g**2 + 3*g - 47. Let x be p(l). Calculate z(x).
2
Let n(u) = -u**2 + 19*u - 75. Let s(k) = 119*k - 3564. Let a be s(30). Give n(a).
3
Let z = -139 - -143. Suppose 0 = g + 2*f - z, 5*g + 2*f - 6 = 6. Let p(l) = -8*l + 2. Calculate p(g).
-14
Let z(x) = x**2 + x - 14. Let u = -2149 - -1412. Let f = u + 737. Calculate z(f).
-14
Let r(m) be the first derivative of -m**3/3 + 35*m**2/2 - 257*m - 1629. Calculate r(24).
7
Let f(x) = x + 23081 + 23088 - 46189 - 3*x. What is f(-4)?
-12
Let h(g) = 5*g**2 + 21*g - 40. Let x(w) = 4*w**2 + 16*w - 36. Let o(a) = 2*h(a) - 3*x(a). Determine o(-7).
-28
Let y(u) be the third derivative of 0 + 7/60*u**5 + 104*u**2 - 1/3*u**3 - 1/120*u**6 + 0*u - 3/8*u**4. Give y(5).
3
Let i(m) = m**3 - 5*m**2 - 7*m + 8. Suppose 0 = -z - 1, -r + 2*z = 4*z - 4. Suppose -8*p + r = -7*p. What is i(p)?
2
Let s(n) = 5*n**3 + 4*n - 18 + 28 + 6*n**3 - 5*n**3 - 8*n**2 + n**3. Let h(x) = 16*x**3 - 17*x**2 + 9*x + 20. Let p(r) = 3*h(r) - 7*s(r). Give p(3).
5
Let p(g) be the third derivative of 1/60*g**5 + 11/6*g**3 + 3*g**2 - 5/12*g**4 + 22*g + 0. Give p(9).
2
Let h(o) be the third derivative of -o**6/120 + 7*o**5/12 - 8*o**4/3 - 25*o**3/2 - 5*o**2 - 234*o. What is h(33)?
-9
Let u(v) = v**3. Suppose -3 = 5*h + 2. Let c(p) = -p**2 - p - 2. Let t(b) = h*c(b) + u(b). What is t(-2)?
-4
Let r(m) be the first derivative of -m**3/3 - 4*m**2 - 5*m - 1. Let w be (6 - 4) + 43 - -4*1. Suppose -24*y - 95 = w. What is r(y)?
7
Let s(p) = -2*p + 32. Let h be (-58 + 57)/((-268)/(-1044) - 8/36). Calculate s(h).
90
Let u(c) = -22*c + 14. Let v(p) = -2*p + 1. Let y(g) = g + 9. Let w be y(-21). Let z(j) = w*v(j) + u(j). Let s be 2/5 - 88/20. Determine z(s).
-6
Let k(s) = -6*s. Let r(x) = 7*x**2 - x - 1. Let i be r(1). Let t(f) = -3*f**2 + f**3 - 8 + 83*f + f**2 - 2*f**2 - 87*f. Let d be t(i). Calculate k(d).
18
Let o(u) = -3*u - 9. Let x(h) = -h. Let m(f) = o(f) - 5*x(f). Suppose 36 = -29*c + 35*c. Let q be 25/(375/30) + c/1. Determine m(q).
7
Let r(t) = 2*t**3 - 7*t**2 - 4*t + 2. Let x be r(4). Suppose h + 3*j = 0, 8*h + x*j = 13*h + 34. Let u(f) = f. Give u(h).
-6
Let k(g) = -g**2 + 23*g - 106. Suppose -17*p = -4*p - 77 - 144. Calculate k(p).
-4
Suppose 22 - 12 = 4*q - g, -3*q + g = -9. Let b(h) = -22*h**2 + 8*h + 2. What is b(q)?
-12
Let o(k) = -2*k + 2*k**2 + 0*k**3 - 1 + 0*k**3 + k + k**3. Let j(y) = 7*y + 111. Let u be j(-15). Suppose 0 = 2*a - u, -5*a + 17 = 2*d + 4. Determine o(d).
1
Suppose 65*x = -28*x - 706 - 38. Let p(w) = 9*w - 7 + w**2 + 0*w**2 + 0*w**2. Determine p(x).
-15
Let j(b) = 9*b**3 - 27*b**2 + 17*b + 13. Let h(i) = -7*i**3 + 19*i**2 - 12*i - 9. Let q(u) = 7*h(u) + 5*j(u). Let p be (-8)/(-12)*(-3 + 0). What is q(p)?
24
Let j(p) = -p**2 - 6*p + 27. Let l(v) = -6*v**2 - 28*v + 135. Let n(x) = 22*j(x) - 4*l(x). Determine n(4).
6
Suppose 0 = k - 28 - 218. Let f(o) = -4 - k*o + 0 + 121*o - o**2 + 118*o. What is f(-6)?
2
Let a(o) = o**2 + 5*o - 3. Let l be a(-6). Let g be 7 + (-6)/2 + 3 + -4. Let x(v) = -3 + g + 3*v + 67*v**2 - 68*v**2 - l. Give x(5).
-13
Let u(x) = -x + x + 8 + 5*x**2 + 3*x - x**3 - 3*x + 6*x. Suppose 2*s + 0*l - 6 = -2*l, -5*s + 39 = -3*l. Give u(s).
8
Let x(n) = -6*n**2 + 97*n - 248. Let k be x(3). Let c(z) = z**3 + 12*z**2 + 4*z + 4. Determine c(k).
81
Suppose 110 - 8 = n. Let g(d) = 2*d + n*d**2 + 3*d + 10 - 103*d**2. Determine g(7).
-4
Let b(j) be the second derivative of j**5/60 - j**4/24 - j**3 + 211*j**2/2 + 2*j + 7. Let q(r) be the first derivative of b(r). Calculate q(3).
0
Let t(z) = 2*z + 66. Let d(i) = -6*i - 66. Let u(y) = 2*d(y) + 3*t(y). Give u(10).
6
Let p(d) = -9*d**2 + 3*d - 1. Let x(n) = n**3 + 5*n**2 + 20*n + 65. Let a be x(-4). Determine p(a).
-7
Let v(d) = d**3 + 6*d**2 - d + 3. Let r = 24 - 21. Suppose 5*b - 6*z + 11 = -2*z, 2*z = -3*b + 11. Let j be (-9 - (b - 1)) + 9/r. Give v(j).
9
Suppose 2*s - 2 = 0, -2*q + 1 = q + 4*s. Let y(u) be the first derivative of -5*u**3/3 + u**2/2 + 61014. Calculate y(q).
-6
Let n(m) = -m**3 - 7*m**2 - 8*m - 8. Let u(f) = -13*f + 20. Let a be u(1). Suppose -13*k - 36 = -a*k. What is n(k)?
4
Let a(d) be the third derivative of 3*d**5/10 - d**4/12 + d**3/6 - 1942*d**2. Give a(-2).
77
Let w = -169 - -182. Let i(l) = -4 + l**3 - w*l**2 + 7*l**2 + 0*l**3 + 3*l**2 + 3*l. Let p(u) = 2*u**2 + 2*u - 1. Let x be p(-2). Determine i(x).
5
Let l(s) = 104*s**2 - 101*s - 2. Let q be l(1). Let n(x) = -43*x**2 + 3*x - 4. Give n(q).
-44
Suppose 28*s - 16 = -128. Let o(n) = -15*n - 7. What is o(s)?
53
Let r(j) = 2*j**2 - 189*j - 1637. Let f be r(-8). Let y(l) = -2*l**3 + 4*l**2 + 2*l + 15. Determine y(f).
3
Let r(i) = 3*i + 6. Let l be (28 - 0)*(-14 - -7 - -8). Suppose 0*w + l = -7*w. Determine r(w).
-6
Let w(j) = 29*j**2 + 12*j - 10*j - 1 - 48*j**2. What is w(2)?
-73
Let a(p) = p**2 + 6*p + 1. Suppose w + 13 = 17. Suppose i + w*h = -24, -4*h + 0*h = 20. What is a(i)?
-7
Suppose 0*z + 26 = -3*n + 5*z, -5*z = -20. Let g = 80 + -78. Let t(r) = 5*r**3 - 4*r**3 + r**g - 3*r**3 - 2*r**2 + 2*r. Calculate t(n).
8
Let u be 0 - (-3 + 2*-3). Let s(j) be the third derivative of 0*j - 17*j**2 - 1/24*j**4 + 0 + 2*j**3. Calculate s(u).
3
Let z(a) = a**3 + 11*a**2 + 9*a - 8. Let m = -58 + -29. Let y = 77 + m. What is z(y)?
2
Suppose 0 = -13*c + 107 - 29. Let l(x) = -c - 2 + 13 - 1 + 0 - x. Calculate l(4).
0
Let c(t) = -94*t - 58. Let p be c(8). Let u = -815 - p. Let q(k) = -k**2 - 5*k + 3. Calculate q(u).
3
Let n(l) = l**3 + 10*l**2 - 3*l + 11. Let s(p) = -732*p - 5135. Let k be s(-7). Give n(k).
-77
Let t(z) = -2*z + 10. Suppose 8*j = 2*j + 6. Suppose 0 = -3*a + y - j + 93, 4*a - 121 = y. Suppose -36*p + a*p = -35. Calculate t(p).
0
Let y(r) = -r**2 + 6*r. Let s(t) = -t**3 - 49*t**2 + 393*t + 64. Let v be s(-56). Calculate y(v).
-16
Let h(c) be the second derivative of c**3/6 - c**2/2 + 2*c. Suppose 227 + 275 = -2*l. Let f = l + 254. Determine h(f).
2
Suppose 0 = 6*n - 18 + 12. Let m(a) = a**2 + 5*a - 10*a + n - 4*a + 4*a. Give m(4).
-3
Let q(z) = -3213*z**2 + 20 - 2*z + 3211*z**2 - 27*z. Calculate q(-15).
5
Suppose b + 5*v - 6 = 0, 72 = 3*b + 5*v + 4. Let h(f) = -32*f + 10 - 31*f + 93*f - b*f. Calculate h(14).
-4
Let q be ((-2)/(-8))/((-3)/(-12)) + (-9)/(-27). Let c(s) be the first derivative of -5*s + 1/4*s**4 - q*s**3 - 5/2*s**2 + 10. What is c(5)?
-5
Suppose 19 = w + 2*x, 5*w - 3*x - 87 = -5*x. Let k(y) = -1585*y**3 + 3175*y**3 - w*y**2 - 12 - 1591*y**3 - 2*y + y. Give k(-17).
5
Let x be 3/1*(-12)/(-9). Let c(u) be the first derivative of -1/2*u**2 - 4*u - 23. Give c(x).
-8
Let s(a) = 18*a - 69. Let x be s(4). Let c be -8 - x*(-6)/18. Let v(h) = h**2 + 5*h - 1. What is v(c)?
13
Let j(q) = -2*q + 3. Let p be (77/33)/(1/12). Let z = p - 21. Suppose 0 = -z*s + 6 + 15. Calculate j(s).
-3
Suppose -6*g - 5*p = -4*g + 29, 0 = 4*g - p + 3. Let y be g/(4/(-11)) - 12/8. Let h(a) = 4*a**2 - 5 - 7*a**2 + y*a**2 - 7*a. Give h(7).
-5
Let q(m) = 8 + 254*m**2 - 156*m**2 - 97*m**2 + 4*m - 13*m. Suppose 6*u = u + 5*y + 60, -4*u - 3*y + 13 = 0. What is q(u)?
-6
Let o(z) be the second derivative of z**4/12 - z**3/3 - 13*z**2 + 2161*z. Give o(6).
-2
Let w(b) = -6*b - 11. Let t(d) = 190*d + 1136. Let r be t(-6). What is w(r)?
13
Let y = -8254 + 8266. Let h(f) = -f**2 + 12*f + 10. Calculate h(y).
10
Let n be 0 + -1 - (-44)/11. Suppose -3*l = 4*o + n, 0 = -3*o + 5*o. Let d(k) = -2*k. Calculate d(l).
2
Let v(r) b